{"id":9,"date":"2021-10-19T17:15:46","date_gmt":"2021-10-19T17:15:46","guid":{"rendered":"https:\/\/amglogistics.mx\/?page_id=9"},"modified":"2021-10-21T21:03:53","modified_gmt":"2021-10-21T21:03:53","slug":"nosotros","status":"publish","type":"page","link":"https:\/\/amglogistics.mx\/?page_id=9","title":{"rendered":"Nosotros"},"content":{"rendered":"\n<p>Somos una empresa dedicada principalmente al servicio de transporte, tanto en caja refrigerada como en caja seca.                                                                                                                     <meta charset=\"utf-8\">Nuestra organizaci\u00f3n nos hace confiables, buscamos tener un crecimiento constante, siempre priorizando la satisfacci\u00f3n del cliente y adecuaci\u00f3n a sus necesidades. <\/p>\n\n\n\n<p><\/p>\n","protected":false},"excerpt":{"rendered":"<p>Somos una empresa dedicada principalmente al servicio de transporte, tanto en caja refrigerada como en caja seca. Nuestra organizaci\u00f3n nos hace confiables, buscamos tener un crecimiento constante, siempre priorizando la satisfacci\u00f3n del cliente y adecuaci\u00f3n a sus necesidades.<\/p>\n","protected":false},"author":1,"featured_media":112,"parent":0,"menu_order":0,"comment_status":"closed","ping_status":"closed","template":"","meta":{"_vp_format_video_url":"","_vp_image_focal_point":[]},"_links":{"self":[{"href":"https:\/\/amglogistics.mx\/index.php?rest_route=\/wp\/v2\/pages\/9"}],"collection":[{"href":"https:\/\/amglogistics.mx\/index.php?rest_route=\/wp\/v2\/pages"}],"about":[{"href":"https:\/\/amglogistics.mx\/index.php?rest_route=\/wp\/v2\/types\/page"}],"author":[{"embeddable":true,"href":"https:\/\/amglogistics.mx\/index.php?rest_route=\/wp\/v2\/users\/1"}],"replies":[{"embeddable":true,"href":"https:\/\/amglogistics.mx\/index.php?rest_route=%2Fwp%2Fv2%2Fcomments&post=9"}],"version-history":[{"count":4,"href":"https:\/\/amglogistics.mx\/index.php?rest_route=\/wp\/v2\/pages\/9\/revisions"}],"predecessor-version":[{"id":56,"href":"https:\/\/amglogistics.mx\/index.php?rest_route=\/wp\/v2\/pages\/9\/revisions\/56"}],"wp:featuredmedia":[{"embeddable":true,"href":"https:\/\/amglogistics.mx\/index.php?rest_route=\/wp\/v2\/media\/112"}],"wp:attachment":[{"href":"https:\/\/amglogistics.mx\/index.php?rest_route=%2Fwp%2Fv2%2Fmedia&parent=9"}],"curies":[{"name":"wp","href":"https:\/\/api.w.org\/{rel}","templated":true}]}}